vided by 11.
7
Let l = 0 + 12. Let j = 3 - l. Calculate the remainder when (-305)/(-45) + (-2)/j is divided by 2.
1
Suppose 5*z + 2*l - 136 = 0, -2*z + 58 = 8*l - 6*l. What is the remainder when 283 is divided by z?
23
Suppose 0 = 5*c + 4*y - 96, -18*c - y = -20*c + 41. What is the remainder when 149 is divided by c?
9
Let p(u) = u**3 + 6*u**2 + 4*u + 5. Let v be p(-5). Let o(i) = i**2 - 11*i + 14. What is the remainder when 5 is divided by o(v)?
1
Let y(f) = 264*f - 27. Calculate the remainder when y(2) is divided by 24.
21
What is the remainder when -7 + 49 - -5 - (-1 + 2) is divided by 4?
2
Suppose -3*h - 62*h + 4680 = 0. Calculate the remainder when 212 is divided by h.
68
Calculate the remainder when 208 is divided by (110/(-15))/(-11)*138.
24
Let q(r) = -15*r**2 - r + 7. Let z(t) = -30*t**2 - t + 15. Let l(w) = -9*q(w) + 4*z(w). What is the remainder when l(-3) is divided by 24?
21
What is the remainder when 124 is divided by (-5)/(30/42) + 21?
12
Let f(p) = p + 1. Suppose 0 = -4*h - 16, 5*q - h = h + 18. Suppose 4*a + y = -182 + 230, 5*a + y - 59 = 0. What is the remainder when a is divided by f(q)?
2
Let m(a) = 4*a**2 + 6*a - 1. Calculate the remainder when 818 is divided by m(-2).
2
Let v be 5*6/45*3. Suppose 5*z = 2*s - 271, -7*s + 718 = -v*s + z. What is the remainder when s is divided by 18?
17
Let m(q) = q**2 - 16*q + 83. What is the remainder when 378 is divided by m(8)?
17
Suppose 2*w + 3*l = 82, w - 2*l = 24 + 3. What is the remainder when 117 is divided by w?
12
Let q(z) = z**2 + 11. Let i(j) = -5*j + 19. Let f be i(6). Let y(k) = -k**3 - 10*k**2 + 11*k + 4. Calculate the remainder when q(0) is divided by y(f).
3
Suppose -5*b = -0*b - 15, -4*b + 48 = 4*h. Calculate the remainder when -5 - (2 - 2) - -40 is divided by h.
8
Suppose -23 = -2*m + 17. Calculate the remainder when 117 is divided by m.
17
Suppose 0 = k + 5*c + 43, -2*c - 62 = 4*k - 4*c. Let w = 24 + k. What is the remainder when 17 is divided by w?
5
Suppose 34 = a + a - 5*j, 108 = 5*a - j. Let t(p) = -p + 60. What is the remainder when t(19) is divided by a?
19
Suppose 5*n = -0*n - 3*b + 376, -4*n + 2*b + 314 = 0. Calculate the remainder when n is divided by 67.
10
Let g = -168 + 185. What is the remainder when 95 is divided by g?
10
Suppose 40 = 4*k - 3*l, 3*k - 4*l = 16 + 7. Suppose 89 = 4*g - f, -3*g - g + 2*f + 90 = 0. What is the remainder when g is divided by k?
9
Let k(y) = y**3 - 19*y**2 + 15*y + 65. Calculate the remainder when 139 is divided by k(18).
7
Let f(z) be the first derivative of -z**4/4 + 5*z**3 + 3*z**2/2 - 30*z - 42. Calculate the remainder when 20 is divided by f(15).
5
Let g(a) = a**2 - 5*a - 3. Let x = -21 + 27. Let n = -11 - -16. Calculate the remainder when n is divided by g(x).
2
Suppose -9*h + 1178 = 10*h. Calculate the remainder when 308 is divided by h.
60
Let t(f) = -9*f - 104. Let m be t(-12). Suppose -n + 2 = -0*n. Suppose -d = -4*d - 6, m*o - 8 = n*d. Calculate the remainder when o is divided by 1.
0
Let f = 90 + -46. Let n(v) = -7*v - 34. Calculate the remainder when n(-17) is divided by f.
41
Suppose a = 4*a - h - 3, -1 = a - h. Suppose -3*w - 15 = 0, -a*u - 5*w = -w - 38. Let s = 50 - u. What is the remainder when 62 is divided by s?
20
Let n(x) = -x + 3*x + 4*x - 2. Let y(q) = q**3 + 37*q**2 + 299*q - 8. Calculate the remainder when n(2) is divided by y(-12).
2
Let g(m) = -m + 8. Let u be g(-10). Let q = -11 + u. What is the remainder when (-36)/10*(-10)/2 is divided by q?
4
Let o(k) = -17*k - 84. What is the remainder when 36 is divided by o(-6)?
0
Calculate the remainder when 758 is divided by -1 - (-12 + 4) - 4/2.
3
Let o = 41 - 43. What is the remainder when o/(-6)*6 - -17 is divided by (-20)/(-6)*(1 - -2)?
9
Let u(i) be the third derivative of -i**4/24 - i**3/2 - 18*i**2. What is the remainder when 6 is divided by u(-4)?
0
Let u(k) = k**2 + 3*k + 6. Let z be u(-4). Suppose b - 6*b + z = 0. Let t(q) = 6*q**2 + q + 1. Calculate the remainder when t(-1) is divided by b.
0
Let h = -3 - -19. What is the remainder when h*((-5)/2 + 3) is divided by 4?
0
Let h(x) = -21*x**3 - x**2 + x + 1. Suppose 5*k + 72 = 462. Calculate the remainder when k is divided by h(-1).
18
Let u = -5 - 1. Let y = 23 + u. Let l = -148 + 196. What is the remainder when l is divided by y?
14
Suppose 2*x - 56 = -2*x. Let b(y) = 278 - 14*y - 8*y**2 - 267 + y**3 - 5*y**2. Calculate the remainder when b(x) is divided by 6.
5
Suppose -6 = o - 23. Suppose -4*z + 3*z + o = 5*t, 0 = 4*z + 12. Suppose -d - 8 - 9 = -x, 5*d = -2*x + 20. Calculate the remainder when x is divided by t.
3
Let v(h) = 4*h**2 + 5. Let m be v(-4). What is the remainder when -6*(-5)/70 + (-1352)/(-14) is divided by 1/(2/(-3 + m))?
31
Let k(m) = 27*m - 909. Suppose -5*b = -4*b - 46. What is the remainder when k(37) is divided by b?
44
Suppose -9 = 3*d, -253 = -5*x - 0*d + d. Let w be (-6)/(-27) + (-29)/9. Let v = 16 + w. What is the remainder when x is divided by v?
11
Let o be 141/27 + (-4)/18. Let b be (12/5)/3*o. Suppose -27 = -b*u + u. Calculate the remainder when u is divided by 5.
4
Suppose 2*z - d - 183 = 2*d, 0 = -4*z - 3*d + 321. Suppose 12*l + z = 18*l. Calculate the remainder when 40 is divided by l.
12
Let n(y) = y**3 + 8*y**2 - 8*y + 17. Let o = 3 - 2. Let p = o - -12. What is the remainder when p is divided by n(-9)?
5
Let u = 28 - 29. Let v be 2 - (-10 - -2)/(-2). Calculate the remainder when -18*v/(3 + u) is divided by 5.
3
Suppose -21*l + 2856 = 21*l. Calculate the remainder when l is divided by 7.
5
Calculate the remainder when 54 is divided by (8/16)/(-2 - (-89)/44).
10
Suppose -2*k - 20 = -4*v, -2 = -v - k - 0*k. Let p(y) = v - 5*y - 4 - 2 + 2*y**2 + 0*y. Calculate the remainder when 17 is divided by p(4).
7
Suppose -4*l + 2*z = -24 - 4, -5*l + 4*z + 32 = 0. Suppose 0 = -4*k - 0 - 76. Let d = 49 + k. What is the remainder when d is divided by l?
6
Suppose -3 + 23 = -5*r, -2*g + 3*r + 88 = 0. Calculate the remainder when g is divided by ((-58 + 2)/(-4))/1.
10
Let q = 6 - -5. Suppose n + 2*m = 18 + q, 4*m - 23 = -n. Calculate the remainder when n is divided by 9.
8
Let a(n) be the first derivative of 2*n**3 - 8*n + 48. Let c(v) = 8*v - 3. Calculate the remainder when c(6) is divided by a(-2).
13
Let f be (-2)/(-1) - -2 - 10. Let u be (-1)/(-1*(-1)/f). Let i(r) = -r + 17. Calculate the remainder when 42 is divided by i(u).
9
Let p be (290 - 26) + (-10)/(-2). Suppose -5*x = 169 - p. Calculate the remainder when (0 - 77/(-4))*4 is divided by x.
17
Let q = -158 + 316. Suppose 5*v - 25 = 0, -4*f + 5*v = -32 - 35. Calculate the remainder when q is divided by f.
20
Suppose -4*z = -o - 8*z + 82, -82 = -o + 2*z. Calculate the remainder when o is divided by 18.
10
Let b = 343 - 290. What is the remainder when 105 is divided by b?
52
Suppose 45*u - 56*u = -1034. Suppose -2*z - 197 = -3*v, -8 + 274 = 4*v - z. Suppose 29 = 3*g - v. Calculate the remainder when u is divided by g.
30
Let s = 25 - 5. What is the remainder when (-9)/((s/5)/(-12)) is divided by 6?
3
Let u = 304 - 204. What is the remainder when u is divided by 34?
32
Let t be (-8 - -8)*(-1)/2. Suppose 3*z = -6*l + 3*l + 36, -l + 4*z - 3 = t. What is the remainder when l is divided by 4?
1
Suppose -58 = -2*y - 4*k, -4*y + k + 0*k + 107 = 0. Calculate the remainder when 269 is divided by y.
26
What is the remainder when 46 - -6*((-36)/8 - -4) is divided by 16?
11
Let w(h) be the first derivative of 3*h**2/2 - 14*h - 4. What is the remainder when 2 - (-5)/((-10)/(-4)) is divided by w(6)?
0
Let z = 9 + -6. Suppose -51*i - 840 = -81*i. Calculate the remainder when i is divided by ((-4)/z)/((-6)/45).
8
Let g(r) = 3*r**2 + r - 12. Let k be g(4). Suppose k + 55 = 5*l. Calculate the remainder when l is divided by 10.
9
Suppose -3*l = -5*l + r + 49, l - 3*r = 12. Let d = -62 + l. What is the remainder when 54 is divided by (-290)/d + 2/(-7)?
6
Let z be ((-3)/(-4))/(1/(-72)). Suppose 5*q = 5*t + 175, -3*t = -4*t + 2*q - 32. Let r = t - z. What is the remainder when 30 is divided by r?
14
Let x = 287 + -278. Calculate the remainder when 25 is divided by x.
7
Let h be (0 - 1 - -18) + 0. Suppose -4*o = -35 - h. Calculate the remainder when 64 is divided by o.
12
Suppose 0 = -5*q + 11 + 259. What is the remainder when q is divided by 8?